 (-22)/4*6*(-896)/(-168). Is (w/24)/((-2)/489) composite?
True
Let d be (360/(-32) - 0)/((-6)/32). Suppose 20*y - d*y + 410600 = 0. Is y a prime number?
False
Suppose -3*u - 2*g = -6*g - 91, u - 4*g = 33. Is 2/6*1508667/u composite?
False
Suppose -5*x = 3*h + 25, -20 = 18*h - 16*h + 4*x. Let c(m) = 17 + 113 + 39 - 2*m + m**2. Is c(h) a prime number?
False
Suppose 6*r - r = -4*z - 9, 0 = -5*z + 3*r + 35. Suppose z*w + 0 = 28. Suppose 12*a = w*a + 3335. Is a prime?
False
Let l(a) = 1131*a**3 - 6*a**2 + 41*a + 51. Is l(5) prime?
True
Let a(t) = -14*t + 13. Let p be a(-19). Suppose 0 = -2*h - p + 909. Let s = h + 728. Is s composite?
True
Suppose 22*b + 20784 = 61330. Is b prime?
False
Is (-1053)/405*90070/(-2) composite?
True
Let l = 784 - 749. Suppose 0 = l*g - g - 4318. Is g a composite number?
False
Let w(c) = 810*c**2 - 102*c - 1287. Is w(-28) a prime number?
False
Let l be 45*2/3*6/4. Let k be (3/(-4))/(l/40)*-3. Is 41*k - (3 + 0 - 4) prime?
True
Let u = -4537 + 4844. Is u a prime number?
True
Let a be 1*15 + (6 - 5). Suppose a*n - 10 = 11*n. Suppose 246 = 5*h - n*h. Is h prime?
False
Suppose -4*u = 4*p - 1408, 4*u = 3*p + 772 + 643. Suppose -350*d - 54273 = -u*d. Is d a composite number?
True
Let u be (-12)/(-10)*(-80)/32. Is 2546 - (u + 1 + 5) a prime number?
True
Suppose -117*b + 30433608 = -45*b. Is b composite?
False
Let w = -173 + 1488. Suppose -4*g + 0*g + 24 = 0. Suppose -x + g*x - w = 0. Is x prime?
True
Let v(i) = 4*i - 46. Let m be (2 - 1 - -2) + (9 - 0). Let h be v(m). Suppose -531 = -3*l - 3*f, -l + 100 + 77 = h*f. Is l prime?
False
Let a be 1 + (-2 - -1*6). Suppose -8 = -p + a*p. Is (p - -1)/(2/(-334)) a prime number?
True
Let g = -246 - -263. Is (-5 + g)/4 - (0 - 2146) a prime number?
False
Let g(s) be the first derivative of -197*s**4/4 - 5*s**3/3 + 6*s**2 + 37*s - 15. Is g(-4) prime?
True
Let z(l) = -2*l**3 - 11*l**2 + 10*l + 19. Let m be z(-8). Suppose -258*o = -m*o + 8581. Is o composite?
False
Let z = 1537 - -31. Suppose 373 + z = 3*d. Is d a prime number?
True
Let k = -553 - -2183. Suppose 0 = -7*w + k + 519. Is w composite?
False
Let a be (0 - (-32)/(-6))*(-18)/12. Is -1 - (-3 + (-1324)/a)*12 a prime number?
False
Suppose -3*b + 771518 = z, 119 - 114 = z. Is b composite?
False
Let y(m) be the second derivative of 15*m**3/2 + 7*m**2 - 118*m + 2. Suppose f - 4 - 19 = 0. Is y(f) a composite number?
False
Let a(r) = 183*r + 4. Let n be a(-6). Let u = n - -553. Let p = u + 914. Is p prime?
True
Let f(s) be the third derivative of -s**4/4 + 11*s**3/3 - 26*s**2. Let o be f(3). Let v(y) = 24*y - 29. Is v(o) prime?
True
Let a = 51566 + -35617. Is a composite?
True
Let d(r) = r**2 - 12*r + 22. Let f(j) = -j**2 - j. Let i(y) = -d(y) - 2*f(y). Let o be i(-15). Let s(v) = -31*v + 2. Is s(o) a prime number?
False
Let p(r) = 72*r**3 + 3*r**2 - 2*r - 4. Let l be p(3). Suppose f - l = -0*f. Is f prime?
False
Let m = 7 + 56. Let r be (324/m)/((-2)/28)*-10. Let u = 533 + r. Is u composite?
True
Let d(t) = t**2 - 39*t + 15. Let j = -102 - -116. Let x be (-4)/7 - 174/j. Is d(x) prime?
True
Let b = 906 + 31528. Is b composite?
True
Suppose 6614 = -7*a + 6*a. Let h = -3201 - a. Is h a composite number?
False
Is 10646 + 2/(6*(-3)/(-45)) a prime number?
True
Let m(l) = 4*l - l**2 - 2*l**2 - 12 - 14*l + 2*l**2. Let w be m(-9). Is (w + (-10)/(-4))*-530 a prime number?
False
Let i(k) = 960*k**2 - 56*k - 289. Is i(-15) composite?
False
Suppose -35190 = -11*v + 5*v. Let z = v + -2218. Is z prime?
False
Let b = 175275 + 383680. Is b a composite number?
True
Suppose 19*j - 25*j = -15*j. Suppose -188*g + 179*g + 60651 = j. Is g composite?
True
Let m(x) = 1928*x**3 - 15*x**2 + 20*x - 6. Is m(2) composite?
True
Suppose 0*s = -3*s + 47775. Suppose -5*d = 5*h - 19910, h - 5*d = 5*h - s. Is h composite?
True
Suppose -3*i = 5*p - 19, 5*p - 4*p = -3*i + 11. Suppose -3*k + 30*g - 26*g + 8119 = 0, k - p*g - 2707 = 0. Is k a prime number?
False
Suppose 9*h - 44965 = -14*h. Let w = -246 + h. Is w prime?
True
Suppose 3*i + 321 = 324, c = -i + 13082. Is c a composite number?
True
Suppose -4*x - 20 = 0, -2*m - x = -5*x - 11882. Suppose 3*w - 2713 = 2*k + 3221, 3*w = 3*k + m. Let o = w - 969. Is o composite?
True
Suppose -583*h = -619*h + 13721004. Is h prime?
False
Suppose 5429432 = 29*d - 2405034. Is d a composite number?
True
Suppose 0 = 5*n - 5*j - 1345625, -n - 169*j + 173*j + 269143 = 0. Is n a composite number?
True
Suppose -s + 81275 = 2*p, 3*s + 3*p - 3047 - 240772 = 0. Is s a composite number?
True
Suppose 0 = 326*f - 332*f + 116910. Let j = f - 10820. Is j a prime number?
False
Let g be (12/14)/((-3)/28). Is ((-15)/(-6))/(g - 101218/(-12652)) a prime number?
False
Let y = 47166 - 27613. Is y a prime number?
True
Let b(w) = 3*w + 1. Let y be b(1). Let d(m) be the first derivative of 3*m**4/2 - m**3/3 + m**2 + 3*m + 67. Is d(y) prime?
True
Is -6 + 16/3 - 17437623/(-63) a composite number?
True
Let a(u) = 6*u**3 + 22*u**2 - 57*u + 170. Is a(15) a composite number?
True
Suppose -4*p - 12 = -2*x, -2*x - 13 = p - 0*p. Is 2989 - (14 + p)/3 composite?
True
Let i(h) = 12*h**2 + 78*h - 217. Is i(69) prime?
True
Suppose -5*u - 4*l - 15 = 0, u - 4*u + l = -8. Suppose 3*p - 36 = -3*j, 9 - u = -j + 4*p. Suppose 4*v = j*v - 1796. Is v prime?
True
Let c be -5 + 13/(65/17190). Suppose 161 - c = -8*f. Is f composite?
False
Let o(x) be the second derivative of -x**5/20 + 5*x**4/6 + x**3 - 53*x**2/2 - 77*x. Is o(-6) a prime number?
True
Let t(o) = 2*o**3 - 42*o**2 - 6*o - 52. Let q be t(21). Let a = 489 - q. Is a a composite number?
True
Let j(v) = v + 18. Let b = -62 - -44. Let y be j(b). Suppose 3*n - 2070 = -a, 2*a = n - y*n - 697. Is n composite?
False
Suppose -28 = -3*j - 43, 0 = -4*a + 3*j + 28427. Is a a prime number?
True
Let c(d) = 2*d**3 - 8*d**2 + 2*d + 13. Let m be c(5). Suppose 0*r = -r - 3*j + 41, 2*r - m = -3*j. Suppose r + 65 = l. Is l composite?
False
Let n be 1634/(-1) - (49 + -45). Let b = n - -18555. Is b a composite number?
True
Suppose -2*b - 5*m - 878 + 122 = 0, 5*m - 1482 = 4*b. Let k = -320 - b. Is k a composite number?
False
Suppose 19*k - 23*k = -p - 275714, 0 = -5*k - p + 344629. Is k a composite number?
False
Suppose -2*w - 10 = -4*w, -4*s - 2*w + 29858 = 0. Let i = s - 5193. Is i prime?
True
Let b be 1/((0 - -1)/3). Suppose -4*a - 26 = b*o + 7, 4*o = -2*a - 34. Let w(z) = -17*z + 8. Is w(o) prime?
True
Let q(f) = 3457*f**3 - f**2 + 1. Let s be (-6)/(7 + -5) + 2 + 2. Is q(s) prime?
True
Suppose 5*v - m + 42 = 26, -5*v - 17 = -2*m. Is v + -11091*-4*(-5)/(-30) prime?
False
Let h = 538560 - 88739. Is h composite?
False
Let r = -77 - -81. Suppose 4 = -r*d + 3*d, -3*i + 1550 = -2*d. Is i a composite number?
True
Let m be (-5 + 8)*8/12. Suppose 4*r - 2*d - 16 = m*d, -3*d = 4*r - 2. Suppose -3*j + 4*p = -782, -j - r*p + 145 = -119. Is j a composite number?
True
Suppose w + 2 + 42 = 0. Suppose 3*r = -2*z - 57, -5*r + 2*z - 33 = 62. Let d = r - w. Is d a prime number?
False
Let y(u) = u**2 - 60*u + 92893. Is y(0) a prime number?
True
Is (25205877/(-162))/((-6)/36) composite?
False
Let p be (3/3 - (-42)/8)*12. Let c = p - 49. Suppose 5*l - 2675 - c = -4*r, -2*r = l - 539. Is l prime?
True
Suppose 2*c - 238*k = -242*k + 232246, c + 4*k - 116115 = 0. Is c a composite number?
False
Let y be ((-10)/20)/((-1)/10). Suppose y*r = -3*v + 88223, 3*r + 2*r + 4*v = 88219. Is r a composite number?
True
Let u(h) = h - 29. Let n be u(31). Suppose 4*q = -n*r + 704 - 130, -r + q = -299. Is r prime?
False
Let y = 29 - 29. Suppose y = 5*h - 5*i + 8*i - 69220, 3*h = -2*i + 41533. Is h a prime number?
True
Let n = -20216 - -41175. Is n a composite number?
False
Let h(l) be the second derivative of 555*l**3/2 - 131*l**2/2 + 45*l + 1. Is h(10) a composite number?
False
Let w(h) = -h**3 - 9*h**2 + h + 9. Let a be w(-9). Suppose -10*i + 31233 - 8323 = a. Is i a composite number?
True
Let a(t) be the first derivative of 124*t**3/3 + 4*t**2 + 3*t - 128. Is a(-1) composite?
True
Let z(c) = 95*c**2 - 2*c - 2. Let v be z(-1). Suppose 34*k = 29*k + v. Suppose 21*m - k*m = 110. Is m prime?
False
Let b(h) = 482*h**2 - 5*h + 358. Is b(-17) composite?
True
Let q(k) = -703*k**3 - k**2 - 4*k + 5. Is q(-3) a composite number?
True
Let i(m) = 4 - 7 - 100*m - 108*m - 2. Let h = 7 + -14. Is 